and 1956.
3
Calculate the greatest common factor of 575 and 19780.
115
Calculate the greatest common divisor of 324950 and 388.
194
What is the highest common divisor of 264 and 806256?
264
Calculate the greatest common factor of 15428 and 31084.
76
Calculate the greatest common divisor of 1131362 and 134.
134
Calculate the greatest common factor of 8239 and 405958.
749
Calculate the greatest common divisor of 966 and 90090.
42
Calculate the greatest common divisor of 7161 and 987.
21
What is the highest common factor of 440855 and 185?
185
Calculate the highest common factor of 155 and 1829.
31
What is the highest common divisor of 66 and 1758?
6
What is the greatest common factor of 1406 and 14250?
38
What is the greatest common divisor of 12141 and 63?
9
What is the highest common factor of 990 and 246015?
495
What is the highest common divisor of 6499 and 17956?
67
What is the highest common divisor of 8496 and 16128?
144
Calculate the highest common divisor of 3027651 and 11.
11
What is the greatest common divisor of 12681 and 72?
9
What is the greatest common divisor of 240877 and 182?
91
What is the greatest common divisor of 10850 and 35030?
310
Calculate the highest common divisor of 72011 and 535.
107
What is the greatest common factor of 54 and 52?
2
What is the highest common factor of 1557920 and 78?
26
What is the highest common divisor of 153 and 63393?
51
What is the highest common factor of 462 and 3828?
66
What is the highest common divisor of 12597 and 1482?
741
Calculate the greatest common factor of 136 and 195772.
68
Calculate the highest common divisor of 13216 and 236944.
944
What is the highest common factor of 73334 and 24775?
991
Calculate the greatest common divisor of 4246429 and 11.
11
Calculate the greatest common factor of 2441 and 7.
1
What is the greatest common divisor of 1550 and 1687175?
775
Calculate the greatest common divisor of 645 and 618645.
15
Calculate the highest common divisor of 42691 and 297.
11
What is the greatest common factor of 4446 and 8442?
18
What is the highest common divisor of 11778 and 380067?
453
Calculate the greatest common factor of 842150 and 50.
50
What is the greatest common factor of 140 and 2775?
5
Calculate the greatest common factor of 4396 and 4116.
28
Calculate the highest common factor of 225 and 352485.
45
Calculate the highest common divisor of 4 and 146428.
4
What is the greatest common factor of 3336 and 4?
4
What is the highest common factor of 13518 and 18?
18
Calculate the highest common factor of 5121 and 64297.
569
What is the greatest common divisor of 527 and 289447?
31
What is the highest common factor of 644 and 9324?
28
What is the highest common factor of 2037 and 253267?
679
Calculate the greatest common factor of 9 and 417042.
9
What is the greatest common factor of 27734 and 392?
98
What is the highest common factor of 483507 and 837?
279
Calculate the highest common divisor of 1998 and 10212.
222
What is the highest common factor of 76538 and 53108?
1562
Calculate the highest common divisor of 69982 and 396.
22
Calculate the greatest common divisor of 55 and 4791655.
55
What is the highest common factor of 61965 and 90?
45
What is the highest common factor of 18174 and 42198?
78
Calculate the highest common divisor of 108332 and 1113.
371
What is the highest common divisor of 186 and 3840838?
62
What is the greatest common divisor of 314 and 34?
2
Calculate the greatest common factor of 31350 and 525.
75
What is the highest common factor of 93437 and 223?
223
What is the highest common factor of 8212 and 4?
4
Calculate the greatest common factor of 4352 and 476.
68
Calculate the highest common divisor of 7387 and 9711.
83
Calculate the highest common divisor of 280200 and 2400.
600
Calculate the greatest common factor of 81 and 100467.
27
What is the highest common divisor of 248 and 17484?
124
Calculate the highest common divisor of 231 and 32417.
77
Calculate the highest common divisor of 1268 and 1224571.
317
What is the highest common factor of 600 and 89064?
24
What is the greatest common factor of 237 and 5293?
79
Calculate the highest common factor of 65 and 845741.
13
Calculate the greatest common factor of 192 and 50592.
96
Calculate the highest common divisor of 42363 and 18954.
81
What is the highest common divisor of 4245 and 136406?
283
Calculate the highest common divisor of 31902 and 156.
78
Calculate the highest common factor of 5508 and 37893.
51
Calculate the highest common factor of 191828 and 6076.
868
Calculate the highest common factor of 54412 and 2684.
244
What is the highest common factor of 11 and 19921?
11
Calculate the greatest common divisor of 396208 and 176.
16
What is the highest common factor of 463401 and 9?
9
What is the highest common divisor of 2348702 and 146?
146
Calculate the highest common factor of 6066 and 2088.
18
Calculate the greatest common divisor of 96 and 784.
16
What is the greatest common divisor of 340992 and 2331?
333
What is the greatest common divisor of 215 and 2365?
215
What is the highest common divisor of 455025 and 6?
3
What is the greatest common divisor of 22019 and 7081?
97
What is the greatest common factor of 12627 and 1891?
61
Calculate the highest common divisor of 4557427 and 161.
161
What is the highest common factor of 27079 and 195?
13
Calculate the highest common factor of 2553 and 1073.
37
Calculate the highest common divisor of 2288525 and 25.
25
What is the greatest common factor of 55035 and 11430?
45
Calculate the greatest common factor of 42625 and 253.
11
What is the greatest common divisor of 33835 and 81405?
335
What is the highest common factor of 43 and 1110561?
43
Calculate the greatest common divisor of 174 and 156339.
87
What is the greatest common factor of 1410046 and 599?
599
What is the greatest common divisor of 154764 and 108?
108
What is the greatest common divisor of 78 and 125034?
78
Calculate the greatest common divisor of 543081 and 231.
231
Calculate the highest common divisor of 12576 and 384.
96
Calculate the highest common divisor of 4193 and 133.
7
What is the highest common divisor of 20340 and 24105?
15
Calculate the highest common divisor of 7482 and 348.
174
Calculate the greatest common factor of 124 and 2542.
62
Calculate the highest common factor of 31078 and 17813.
379
What is the highest common divisor of 234 and 92326?
26
What is the greatest common divisor of 726 and 15?
3
What is the highest common divisor of 90381 and 141?
141
What is the highest common factor of 33253 and 44?
11
Calculate the highest common factor of 37215 and 45.
45
What is the highest common divisor of 588 and 6321?
147
What is the highest common divisor of 311240 and 2480?
1240
Calculate the highest common factor of 11 and 639793.
11
What is the greatest common divisor of 573032 and 22438?
1726
What is the greatest common factor of 28402 and 154?
22
What is the greatest common divisor of 54008 and 215?
43
What is the highest common divisor of 230 and 20660?
10
What is the greatest common divisor of 82 and 2918?
2
What is the highest common divisor of 748 and 746878?
374
What is the highest common factor of 1903 and 38752?
173
Calculate the greatest common factor of 522 and 1225062.
18
What is the greatest common factor of 4423895 and 7?
7
Calculate the greatest common divisor of 6351 and 7665.
219
Calculate the highest common divisor of 1775 and 22010.
355
What is the greatest common divisor of 2650 and 150?
50
Calculate the greatest common divisor of 13200091 and 1081.
1081
Calculate the greatest common divisor of 160 and 1215.
5
What is the greatest common divisor of 9500 and 335825?
475
What is the greatest common divisor of 4542 and 138?
6
What is the greatest common factor of 1066 and 1664?
26
Calculate the greatest common factor of 9610 and 1405.
5
What is the greatest common factor of 215 and 3999?
43
Calculate the highest common divisor of 26264 and 3920.
392
What is the highest common divisor of 6102 and 49042?
226
Calculate the greatest common factor of 5455073 and 871.
871
Calculate the greatest common factor of 279 and 48051.
9
Calculate the highest common divisor of 60 and 1608285.
15
Calculate the highest common factor of 29680 and 5320.
280
Calcul